. What is the highest common factor of a and c?
5
Suppose 14*n - 168 - 14 = 0. Calculate the highest common factor of n and 13.
13
Suppose -9 = -v - 3*i, 4*i - 26 = -0*v - 2*v. Calculate the highest common factor of 147 and v.
21
Let l = 1 - -3. Suppose 0*w = -3*w + 15. Suppose 4*n - 11 = n - w*m, -2*n = 2*m - 14. Calculate the greatest common factor of n and l.
4
Let g be (-21)/(4/(-60)*3). Let x(r) = r**3 - 7*r**2 - 2*r - 6. Let w be x(8). What is the highest common divisor of w and g?
21
Suppose -3*r - 60 = -3*o, 63 = 3*o - 3*r - r. Let x = 473 + -286. What is the greatest common divisor of x and o?
17
Let i be (-12)/(-3) - (1 - 3/3). Calculate the highest common factor of 6 and i.
2
Let b be ((-18)/12)/((-3)/88). Let m = -30 + b. Suppose -5*t + 760 = 5*i, -4*t + 136 = 3*i - 474. Calculate the greatest common divisor of t and m.
14
Let q be (-12 + 16)*(1 - 4/(-2)). Calculate the highest common factor of 36 and q.
12
Let u = -200 - -202. Calculate the highest common divisor of 4 and u.
2
Let b(i) be the second derivative of -i**3/6 - 5*i**2/2 + i. Let j be b(-10). What is the highest common divisor of j and 10?
5
Suppose -10 + 30 = 5*y. Suppose 2*r + 2*d - 5 - 5 = 0, -y*d = 20. Calculate the greatest common divisor of 10 and r.
10
Let a be 9/(-6) + 26/4. Let z(t) = 3*t**2 + 4*t**2 - 2*t**2. Let x be z(1). What is the highest common divisor of x and a?
5
Let q be -6*2*(-1)/4. Let k(g) = -2*g - 6. Let w be k(-4). Let c be 2/(w/19) + 2. Calculate the greatest common divisor of q and c.
3
Let g(x) = 2*x + 0 + 4 - 2. Let j be 14/8 - (-2)/8. Let r be g(j). Calculate the highest common divisor of r and 9.
3
Suppose -18 = -d - 5*x, -x + 6*x = 15. Calculate the highest common divisor of d and 9.
3
Suppose 2*g + 0*h - 25 = -3*h, 3*g + 3*h = 36. Suppose 0 = -2*k + k + 55. What is the greatest common divisor of k and g?
11
Suppose 11*r + 40 = 13*r. Let q = 16 + -8. Calculate the greatest common factor of q and r.
4
Suppose -2*j + 2 + 4 = 0. Suppose 0 = j*k + k - 68. Let n be 5/5*(-1 - -52). Calculate the greatest common factor of n and k.
17
Let l(q) = -q**3 + 7*q**2 + q - 8. Let b be l(7). Let t be b + (-4)/2 - -25. What is the highest common factor of 33 and t?
11
Suppose 0*i = 2*i - 54. Let c(m) = m**2 + 5*m + 3. Let a be c(-6). What is the highest common factor of i and a?
9
Let b = -175 + 252. Let l = 30 + -8. Let k = l + -11. What is the highest common factor of k and b?
11
Suppose o - 23 = 5*h, -2*h - 41 = -o - 3. What is the highest common divisor of o and 24?
24
Suppose 0*c = c - 3*t - 12, -33 = -c - 4*t. Suppose 0 = -2*m + 3 + c. What is the highest common divisor of m and 3?
3
Let d be 46 - (6/(-3) - -3). Let u(z) = -3*z - 9. Let t be u(-6). What is the highest common divisor of t and d?
9
Suppose -l - 3*l + 12 = 0. Let k = -2 + l. Let z be -4 + 4 - -26*k. What is the highest common factor of 13 and z?
13
Suppose -u = 1, -2*v - 3*u = -4 - 13. Let k(n) = 10*n**2 + 4*n + 8. Let w be k(-2). What is the highest common divisor of w and v?
10
Suppose -3*q - i + 4 = -2*q, -2*q = -2*i - 8. Let t = 0 + q. Suppose o - 2*k = 63, 0 = 2*o + t*k - 58 - 36. What is the highest common divisor of o and 11?
11
Let l(z) = z**2 - 4*z + 4. Let u be l(3). Let d = u + -2. Let t(p) = 2*p**2 + p + 1. Let c be t(d). What is the highest common divisor of 1 and c?
1
Let v be 17 - (6/3 + -2). Let f = -333 + 486. What is the highest common divisor of v and f?
17
Let g be 45/(-1) - 2/(-2). Let n be 8/g + (-79)/(-11). Calculate the highest common factor of n and 7.
7
Let r be (-742)/(-8) + 16/64. What is the greatest common factor of r and 31?
31
Let y(h) = -h**3 - 5*h**2 + 10*h + 4. Let u be y(-7). Suppose 5*r = 103 + u. Suppose -r = -2*d - 3. Calculate the highest common divisor of 3 and d.
3
Suppose -7*n = -2*n - 45. Let k = -10 + 88. Let r = k + 3. What is the greatest common factor of r and n?
9
Suppose 0 = 6*d - 39 - 27. What is the greatest common factor of d and 77?
11
Let t = -25 + 29. Calculate the highest common divisor of 36 and t.
4
Let o(g) be the first derivative of g**3/3 + 5*g**2/2 + 3*g - 1. Let b be o(-6). Calculate the highest common divisor of b and 72.
9
Let v(m) = 2 + 4*m + 0 - m**2 - m**3 + 1. Let o be v(-3). Calculate the highest common divisor of o and 9.
9
Suppose 7*x = 122 + 368. What is the highest common factor of 35 and x?
35
Let b(u) = u**2 - 2*u + 9. Let a be b(5). What is the highest common divisor of a and 8?
8
Let r be (-296)/(-10) - (-16)/40. Suppose -100 = -2*s - 3*s. What is the greatest common factor of r and s?
10
Suppose v = c + 2*c + 13, 2*c + 4 = -4*v. What is the highest common factor of v and 11?
1
Suppose -2*f + 5*f = -24. Let z be 162/8 - (-2)/f. Suppose -z = -5*t, -t - 3 + 12 = 5*s. What is the greatest common factor of 4 and s?
1
Suppose -3*q = -8*q + 15. Suppose 0 = -q*l - 2*x - 2*x + 27, 0 = 3*l - x - 12. Calculate the greatest common factor of 20 and l.
5
Let n = -7 - -13. Suppose -3*b + 0*f - f = -18, 0 = -b + 2*f + n. What is the greatest common factor of b and 3?
3
Suppose 0 = 2*q - 5 + 29. Let u = 21 + q. Suppose 3*h + 2 = 11. What is the highest common factor of h and u?
3
Suppose -610 + 38 = -4*p - 4*b, p - 4*b = 128. Suppose 0 = 6*v - 11*v + p. What is the highest common divisor of v and 56?
28
Let l be ((-108)/(-10))/(-1)*-5. Calculate the highest common factor of 6 and l.
6
Suppose 2*r = 3*r - 29. What is the highest common factor of 203 and r?
29
Let y be 1/2*(2 - (-103 + -3)). Calculate the greatest common divisor of y and 6.
6
Let h = 106 - 56. What is the greatest common factor of 125 and h?
25
Suppose 5*y = -4*i + 44, 5*y + 2*i - 61 = -19. What is the greatest common divisor of y and 1?
1
Let m be (-1648)/(-36) - (-2 + 48/27). What is the greatest common factor of m and 115?
23
Suppose 0 = -4*y + 5*y - 8. Calculate the greatest common divisor of 24 and y.
8
Let g = 51 - 30. Suppose 0 = -3*l - 2*m + g, 4*l - 27 = l - 4*m. Suppose -15 = -3*d - n - 4, -15 = -l*d - n. What is the greatest common divisor of 2 and d?
2
Let p = 102 + 2. Calculate the greatest common divisor of 260 and p.
52
Let m be 6*(2/(-4) + 2). What is the greatest common divisor of 1 and m?
1
Let n = 168 - -42. What is the greatest common factor of n and 30?
30
Let d(o) = o**3 - 2*o**2 - 7*o - 1. Let l be d(4). Let m be (-340)/(-14) + (-2)/7. Calculate the highest common factor of m and l.
3
Suppose 2*n - 12 = 10. Let q(g) = -2*g**2 + 4*g - 5. Let m be q(2). Let c = m + n. What is the greatest common factor of c and 6?
6
Suppose 4*k - 2*k - 12 = 0. Calculate the highest common divisor of 6 and k.
6
Let w(a) = a**3 - 9*a**2 + 21*a - 12. Let i be w(6). What is the greatest common divisor of 1 and i?
1
Suppose x - 5*h = -x + 18, 0 = -4*x + 2*h + 52. Suppose 0 = -4*m + 18 + x. Let k be (-127)/(-4) - 2/(-8). Calculate the highest common divisor of k and m.
8
Suppose -6*n = -18 - 1614. Calculate the greatest common divisor of 34 and n.
34
Suppose -3*h + h - 3*t = -12, -18 = -3*h - 4*t. Let y = h + -4. Let b(r) = 11*r - 1. Let f be b(1). Calculate the highest common factor of y and f.
2
Let p(f) = -2*f - 8. Let g be 1/5 - 54/(-5). Let n = 3 - g. Let h be p(n). What is the greatest common factor of 56 and h?
8
Let i(a) = a**2 + 5*a + 1. Let y be i(-6). Suppose -1117 = -3*x - 949. Calculate the highest common factor of x and y.
7
Suppose -2 = 2*l - 4*l. Calculate the highest common factor of 2 and l.
1
Let y = -58 - -82. What is the highest common divisor of y and 96?
24
Suppose 0 = t - 5*t - 4*i + 220, 283 = 5*t - 3*i. Let q be (-28)/(-5) + (-20)/(-50). Let w = q - -1. What is the highest common factor of t and w?
7
Suppose b - 4*b = -150. Suppose o + 2*o = -5*h + 12, 20 = 5*o - 5*h. Suppose o*p - 80 = -0*p. Calculate the greatest common divisor of p and b.
10
Let v(a) = -4*a + 7. Let w be v(6). Let q = -5 - w. What is the greatest common factor of 18 and q?
6
Suppose 2*o + 99 = 5*o. What is the highest common divisor of o and 22?
11
Let z(m) = m**2 - 9*m. Let i be z(9). Suppose i = 3*q - 0*q - 12. Suppose 7*n - 132 = q*n. Calculate the highest common factor of n and 11.
11
Let z = -4 + 6. Suppose 0 = z*d - 4*d + 352. What is the greatest common factor of d and 16?
16
Let d(t) = -21*t + 3. Let y be d(-3). Suppose 0 = -p - 3 + 5. Suppose -20 = -2*